{"id":40,"date":"2019-09-19T22:01:12","date_gmt":"2019-09-19T20:01:12","guid":{"rendered":"http:\/\/www.odvjetnik-strniscak.hr\/si\/?page_id=40"},"modified":"2021-04-21T03:21:24","modified_gmt":"2021-04-21T01:21:24","slug":"varstvo-podatkov","status":"publish","type":"page","link":"https:\/\/www.odvjetnik-strniscak.hr\/si\/varstvo-podatkov\/","title":{"rendered":"Varstvo podatkov"},"content":{"rendered":"\n<h2><strong>Oprostite!<\/strong><\/h2>\n\n\n\n<p>Strani so \u0161e v izdelavi. Prosimo za va\u0161e potrpljenje.<\/p>\n\n\n\n<p>Hvala za razumevanje!<\/p>\n\n\n\n<p><a href=\"https:\/\/www.odvjetnik-strniscak.hr\/si\/\">Nazaj na vstopno stran<\/a><\/p>\n","protected":false},"excerpt":{"rendered":"<p>Oprostite! Strani so \u0161e v izdelavi. Prosimo za va\u0161e potrpljenje. Hvala za razumevanje! Nazaj na vstopno stran<\/p>\n","protected":false},"author":1,"featured_media":3329,"parent":0,"menu_order":0,"comment_status":"closed","ping_status":"closed","template":"","meta":{"_mi_skip_tracking":false},"yoast_head":"<!-- This site is optimized with the Yoast SEO plugin v17.9 - https:\/\/yoast.com\/wordpress\/plugins\/seo\/ -->\n<title>Politika za\u0161tite osobnih podataka - Odvjetni\u010dki ured Tomislav Strni\u0161\u010dak<\/title>\n<meta name=\"description\" content=\"Politika za\u0161tite osobnih podataka i Va\u0161e privatnosti prilikom posjeta web stranicama www.odvjetnik-strniscak.hr\/si je nama va\u017ena. Za za\u0161titu osobnih\" \/>\n<meta name=\"robots\" content=\"index, follow, max-snippet:-1, max-image-preview:large, max-video-preview:-1\" \/>\n<link rel=\"canonical\" href=\"https:\/\/www.odvjetnik-strniscak.hr\/si\/varstvo-podatkov\/\" \/>\n<meta property=\"og:locale\" content=\"hr_HR\" \/>\n<meta property=\"og:type\" content=\"article\" \/>\n<meta property=\"og:title\" content=\"Politika za\u0161tite osobnih podataka - Odvjetni\u010dki ured Tomislav Strni\u0161\u010dak\" \/>\n<meta property=\"og:description\" content=\"Politika za\u0161tite osobnih podataka i Va\u0161e privatnosti prilikom posjeta web stranicama www.odvjetnik-strniscak.hr\/si je nama va\u017ena. Za za\u0161titu osobnih\" \/>\n<meta property=\"og:url\" content=\"https:\/\/www.odvjetnik-strniscak.hr\/si\/varstvo-podatkov\/\" \/>\n<meta property=\"og:site_name\" content=\"Odvetni\u0161ka pisarna Tomislav Strni\u0161\u010dak\" \/>\n<meta property=\"article:modified_time\" content=\"2021-04-21T01:21:24+00:00\" \/>\n<meta property=\"og:image\" content=\"https:\/\/www.odvjetnik-strniscak.hr\/si\/wp-content\/uploads\/sites\/3\/2020\/04\/Politika-za\u0161tite-osobnih-podataka.jpg\" \/>\n\t<meta property=\"og:image:width\" content=\"1250\" \/>\n\t<meta property=\"og:image:height\" content=\"632\" \/>\n\t<meta property=\"og:image:type\" content=\"image\/jpeg\" \/>\n<meta name=\"twitter:card\" content=\"summary_large_image\" \/>\n<script type=\"application\/ld+json\" class=\"yoast-schema-graph\">{\"@context\":\"https:\/\/schema.org\",\"@graph\":[{\"@type\":\"WebSite\",\"@id\":\"https:\/\/www.odvjetnik-strniscak.hr\/si\/#website\",\"url\":\"https:\/\/www.odvjetnik-strniscak.hr\/si\/\",\"name\":\"Odvetni\\u0161ka pisarna Tomislav Strni\\u0161\\u010dak\",\"description\":\"\",\"potentialAction\":[{\"@type\":\"SearchAction\",\"target\":{\"@type\":\"EntryPoint\",\"urlTemplate\":\"https:\/\/www.odvjetnik-strniscak.hr\/si\/?s={search_term_string}\"},\"query-input\":\"required name=search_term_string\"}],\"inLanguage\":\"hr\"},{\"@type\":\"ImageObject\",\"@id\":\"https:\/\/www.odvjetnik-strniscak.hr\/si\/varstvo-podatkov\/#primaryimage\",\"inLanguage\":\"hr\",\"url\":\"https:\/\/www.odvjetnik-strniscak.hr\/si\/wp-content\/uploads\/sites\/3\/2020\/04\/Politika-za\\u0161tite-osobnih-podataka.jpg\",\"contentUrl\":\"https:\/\/www.odvjetnik-strniscak.hr\/si\/wp-content\/uploads\/sites\/3\/2020\/04\/Politika-za\\u0161tite-osobnih-podataka.jpg\",\"width\":1250,\"height\":632,\"caption\":\"Politika za\\u0161tite osobnih podataka\"},{\"@type\":\"WebPage\",\"@id\":\"https:\/\/www.odvjetnik-strniscak.hr\/si\/varstvo-podatkov\/#webpage\",\"url\":\"https:\/\/www.odvjetnik-strniscak.hr\/si\/varstvo-podatkov\/\",\"name\":\"Politika za\\u0161tite osobnih podataka - Odvjetni\\u010dki ured Tomislav Strni\\u0161\\u010dak\",\"isPartOf\":{\"@id\":\"https:\/\/www.odvjetnik-strniscak.hr\/si\/#website\"},\"primaryImageOfPage\":{\"@id\":\"https:\/\/www.odvjetnik-strniscak.hr\/si\/varstvo-podatkov\/#primaryimage\"},\"datePublished\":\"2019-09-19T20:01:12+00:00\",\"dateModified\":\"2021-04-21T01:21:24+00:00\",\"description\":\"Politika za\\u0161tite osobnih podataka i Va\\u0161e privatnosti prilikom posjeta web stranicama www.odvjetnik-strniscak.hr\/si je nama va\\u017ena. Za za\\u0161titu osobnih\",\"breadcrumb\":{\"@id\":\"https:\/\/www.odvjetnik-strniscak.hr\/si\/varstvo-podatkov\/#breadcrumb\"},\"inLanguage\":\"hr\",\"potentialAction\":[{\"@type\":\"ReadAction\",\"target\":[\"https:\/\/www.odvjetnik-strniscak.hr\/si\/varstvo-podatkov\/\"]}]},{\"@type\":\"BreadcrumbList\",\"@id\":\"https:\/\/www.odvjetnik-strniscak.hr\/si\/varstvo-podatkov\/#breadcrumb\",\"itemListElement\":[{\"@type\":\"ListItem\",\"position\":1,\"name\":\"Po\\u010detna stranica\",\"item\":\"https:\/\/www.odvjetnik-strniscak.hr\/si\/\"},{\"@type\":\"ListItem\",\"position\":2,\"name\":\"Varstvo podatkov\"}]}]}<\/script>\n<!-- \/ Yoast SEO plugin. -->","yoast_head_json":{"title":"Politika za\u0161tite osobnih podataka - Odvjetni\u010dki ured Tomislav Strni\u0161\u010dak","description":"Politika za\u0161tite osobnih podataka i Va\u0161e privatnosti prilikom posjeta web stranicama www.odvjetnik-strniscak.hr\/si je nama va\u017ena. Za za\u0161titu osobnih","robots":{"index":"index","follow":"follow","max-snippet":"max-snippet:-1","max-image-preview":"max-image-preview:large","max-video-preview":"max-video-preview:-1"},"canonical":"https:\/\/www.odvjetnik-strniscak.hr\/si\/varstvo-podatkov\/","og_locale":"hr_HR","og_type":"article","og_title":"Politika za\u0161tite osobnih podataka - Odvjetni\u010dki ured Tomislav Strni\u0161\u010dak","og_description":"Politika za\u0161tite osobnih podataka i Va\u0161e privatnosti prilikom posjeta web stranicama www.odvjetnik-strniscak.hr\/si je nama va\u017ena. Za za\u0161titu osobnih","og_url":"https:\/\/www.odvjetnik-strniscak.hr\/si\/varstvo-podatkov\/","og_site_name":"Odvetni\u0161ka pisarna Tomislav Strni\u0161\u010dak","article_modified_time":"2021-04-21T01:21:24+00:00","og_image":[{"width":1250,"height":632,"url":"https:\/\/www.odvjetnik-strniscak.hr\/si\/wp-content\/uploads\/sites\/3\/2020\/04\/Politika-za\u0161tite-osobnih-podataka.jpg","type":"image\/jpeg"}],"twitter_card":"summary_large_image","schema":{"@context":"https:\/\/schema.org","@graph":[{"@type":"WebSite","@id":"https:\/\/www.odvjetnik-strniscak.hr\/si\/#website","url":"https:\/\/www.odvjetnik-strniscak.hr\/si\/","name":"Odvetni\u0161ka pisarna Tomislav Strni\u0161\u010dak","description":"","potentialAction":[{"@type":"SearchAction","target":{"@type":"EntryPoint","urlTemplate":"https:\/\/www.odvjetnik-strniscak.hr\/si\/?s={search_term_string}"},"query-input":"required name=search_term_string"}],"inLanguage":"hr"},{"@type":"ImageObject","@id":"https:\/\/www.odvjetnik-strniscak.hr\/si\/varstvo-podatkov\/#primaryimage","inLanguage":"hr","url":"https:\/\/www.odvjetnik-strniscak.hr\/si\/wp-content\/uploads\/sites\/3\/2020\/04\/Politika-za\u0161tite-osobnih-podataka.jpg","contentUrl":"https:\/\/www.odvjetnik-strniscak.hr\/si\/wp-content\/uploads\/sites\/3\/2020\/04\/Politika-za\u0161tite-osobnih-podataka.jpg","width":1250,"height":632,"caption":"Politika za\u0161tite osobnih podataka"},{"@type":"WebPage","@id":"https:\/\/www.odvjetnik-strniscak.hr\/si\/varstvo-podatkov\/#webpage","url":"https:\/\/www.odvjetnik-strniscak.hr\/si\/varstvo-podatkov\/","name":"Politika za\u0161tite osobnih podataka - Odvjetni\u010dki ured Tomislav Strni\u0161\u010dak","isPartOf":{"@id":"https:\/\/www.odvjetnik-strniscak.hr\/si\/#website"},"primaryImageOfPage":{"@id":"https:\/\/www.odvjetnik-strniscak.hr\/si\/varstvo-podatkov\/#primaryimage"},"datePublished":"2019-09-19T20:01:12+00:00","dateModified":"2021-04-21T01:21:24+00:00","description":"Politika za\u0161tite osobnih podataka i Va\u0161e privatnosti prilikom posjeta web stranicama www.odvjetnik-strniscak.hr\/si je nama va\u017ena. Za za\u0161titu osobnih","breadcrumb":{"@id":"https:\/\/www.odvjetnik-strniscak.hr\/si\/varstvo-podatkov\/#breadcrumb"},"inLanguage":"hr","potentialAction":[{"@type":"ReadAction","target":["https:\/\/www.odvjetnik-strniscak.hr\/si\/varstvo-podatkov\/"]}]},{"@type":"BreadcrumbList","@id":"https:\/\/www.odvjetnik-strniscak.hr\/si\/varstvo-podatkov\/#breadcrumb","itemListElement":[{"@type":"ListItem","position":1,"name":"Po\u010detna stranica","item":"https:\/\/www.odvjetnik-strniscak.hr\/si\/"},{"@type":"ListItem","position":2,"name":"Varstvo podatkov"}]}]}},"_links":{"self":[{"href":"https:\/\/www.odvjetnik-strniscak.hr\/si\/wp-json\/wp\/v2\/pages\/40"}],"collection":[{"href":"https:\/\/www.odvjetnik-strniscak.hr\/si\/wp-json\/wp\/v2\/pages"}],"about":[{"href":"https:\/\/www.odvjetnik-strniscak.hr\/si\/wp-json\/wp\/v2\/types\/page"}],"author":[{"embeddable":true,"href":"https:\/\/www.odvjetnik-strniscak.hr\/si\/wp-json\/wp\/v2\/users\/1"}],"replies":[{"embeddable":true,"href":"https:\/\/www.odvjetnik-strniscak.hr\/si\/wp-json\/wp\/v2\/comments?post=40"}],"version-history":[{"count":46,"href":"https:\/\/www.odvjetnik-strniscak.hr\/si\/wp-json\/wp\/v2\/pages\/40\/revisions"}],"predecessor-version":[{"id":5545,"href":"https:\/\/www.odvjetnik-strniscak.hr\/si\/wp-json\/wp\/v2\/pages\/40\/revisions\/5545"}],"wp:featuredmedia":[{"embeddable":true,"href":"https:\/\/www.odvjetnik-strniscak.hr\/si\/wp-json\/wp\/v2\/media\/3329"}],"wp:attachment":[{"href":"https:\/\/www.odvjetnik-strniscak.hr\/si\/wp-json\/wp\/v2\/media?parent=40"}],"curies":[{"name":"wp","href":"https:\/\/api.w.org\/{rel}","templated":true}]}}

<h2><strong>Oprostite!</strong></h2>



<p>Strani so še v izdelavi. Prosimo za vaše potrpljenje.</p>



<p>Hvala za razumevanje!</p>



<p><a href="https://www.odvjetnik-strniscak.hr/si/">Nazaj na vstopno stran</a></p>

<p>Oprostite! Strani so še v izdelavi. Prosimo za vaše potrpljenje. Hvala za razumevanje! Nazaj na vstopno stran</p>

<!-- This site is optimized with the Yoast SEO plugin v17.9 - https://yoast.com/wordpress/plugins/seo/ -->
<title>Politika zaštite osobnih podataka - Odvjetnički ured Tomislav Strniščak</title>
<meta name="description" content="Politika zaštite osobnih podataka i Vaše privatnosti prilikom posjeta web stranicama www.odvjetnik-strniscak.hr/si je nama važna. Za zaštitu osobnih" />
<meta name="robots" content="index, follow, max-snippet:-1, max-image-preview:large, max-video-preview:-1" />
<link rel="canonical" href="https://www.odvjetnik-strniscak.hr/si/varstvo-podatkov/" />
<meta property="og:locale" content="hr_HR" />
<meta property="og:type" content="article" />
<meta property="og:title" content="Politika zaštite osobnih podataka - Odvjetnički ured Tomislav Strniščak" />
<meta property="og:description" content="Politika zaštite osobnih podataka i Vaše privatnosti prilikom posjeta web stranicama www.odvjetnik-strniscak.hr/si je nama važna. Za zaštitu osobnih" />
<meta property="og:url" content="https://www.odvjetnik-strniscak.hr/si/varstvo-podatkov/" />
<meta property="og:site_name" content="Odvetniška pisarna Tomislav Strniščak" />
<meta property="article:modified_time" content="2021-04-21T01:21:24+00:00" />
<meta property="og:image" content="https://www.odvjetnik-strniscak.hr/si/wp-content/uploads/sites/3/2020/04/Politika-zaštite-osobnih-podataka.jpg" />
	<meta property="og:image:width" content="1250" />
	<meta property="og:image:height" content="632" />
	<meta property="og:image:type" content="image/jpeg" />
<meta name="twitter:card" content="summary_large_image" />
<script type="application/ld+json" class="yoast-schema-graph">{"@context":"https://schema.org","@graph":[{"@type":"WebSite","@id":"https://www.odvjetnik-strniscak.hr/si/#website","url":"https://www.odvjetnik-strniscak.hr/si/","name":"Odvetni\u0161ka pisarna Tomislav Strni\u0161\u010dak","description":"","potentialAction":[{"@type":"SearchAction","target":{"@type":"EntryPoint","urlTemplate":"https://www.odvjetnik-strniscak.hr/si/?s={search_term_string}"},"query-input":"required name=search_term_string"}],"inLanguage":"hr"},{"@type":"ImageObject","@id":"https://www.odvjetnik-strniscak.hr/si/varstvo-podatkov/#primaryimage","inLanguage":"hr","url":"https://www.odvjetnik-strniscak.hr/si/wp-content/uploads/sites/3/2020/04/Politika-za\u0161tite-osobnih-podataka.jpg","contentUrl":"https://www.odvjetnik-strniscak.hr/si/wp-content/uploads/sites/3/2020/04/Politika-za\u0161tite-osobnih-podataka.jpg","width":1250,"height":632,"caption":"Politika za\u0161tite osobnih podataka"},{"@type":"WebPage","@id":"https://www.odvjetnik-strniscak.hr/si/varstvo-podatkov/#webpage","url":"https://www.odvjetnik-strniscak.hr/si/varstvo-podatkov/","name":"Politika za\u0161tite osobnih podataka - Odvjetni\u010dki ured Tomislav Strni\u0161\u010dak","isPartOf":{"@id":"https://www.odvjetnik-strniscak.hr/si/#website"},"primaryImageOfPage":{"@id":"https://www.odvjetnik-strniscak.hr/si/varstvo-podatkov/#primaryimage"},"datePublished":"2019-09-19T20:01:12+00:00","dateModified":"2021-04-21T01:21:24+00:00","description":"Politika za\u0161tite osobnih podataka i Va\u0161e privatnosti prilikom posjeta web stranicama www.odvjetnik-strniscak.hr/si je nama va\u017ena. Za za\u0161titu osobnih","breadcrumb":{"@id":"https://www.odvjetnik-strniscak.hr/si/varstvo-podatkov/#breadcrumb"},"inLanguage":"hr","potentialAction":[{"@type":"ReadAction","target":["https://www.odvjetnik-strniscak.hr/si/varstvo-podatkov/"]}]},{"@type":"BreadcrumbList","@id":"https://www.odvjetnik-strniscak.hr/si/varstvo-podatkov/#breadcrumb","itemListElement":[{"@type":"ListItem","position":1,"name":"Po\u010detna stranica","item":"https://www.odvjetnik-strniscak.hr/si/"},{"@type":"ListItem","position":2,"name":"Varstvo podatkov"}]}]}</script>
<!-- / Yoast SEO plugin. -->

Politika zaštite osobnih podataka - Odvjetnički ured Tomislav Strniščak

Politika zaštite osobnih podataka i Vaše privatnosti prilikom posjeta web stranicama www.odvjetnik-strniscak.hr/si je nama važna. Za zaštitu osobnih

Odvetniška pisarna Tomislav Strniščak

https://www.odvjetnik-strniscak.hr/si/wp-content/uploads/sites/3/2020/04/Politika-zaštite-osobnih-podataka.jpg

Politika zaštite osobnih podataka

Početna stranica
